alse
Is 4 a factor of 28029927?
False
Is 41 a factor of 11314278?
True
Is 46769706 a multiple of 2667?
False
Is 66 a factor of 117959149?
False
Is 160343516 a multiple of 320?
False
Does 28 divide 27408194?
False
Is 199178 a multiple of 48?
False
Is 252365256 a multiple of 858?
True
Does 86 divide 1175365511?
False
Does 446 divide 85577142?
True
Is 359065743 a multiple of 19?
True
Is 7843292 a multiple of 130?
False
Is 26 a factor of 182126464?
True
Is 654 a factor of 447025412?
False
Is 42 a factor of 972048?
True
Does 358 divide 18060648?
False
Does 13 divide 1603013654?
False
Is 2414438592 a multiple of 129?
False
Does 475 divide 6524257?
False
Is 293 a factor of 6617112?
True
Is 826 a factor of 914696706?
True
Is 786893572 a multiple of 23?
True
Is 470 a factor of 30401427?
False
Is 16 a factor of 6106928?
True
Is 18236750 a multiple of 250?
True
Does 16 divide 17271247?
False
Does 1478 divide 842213174?
True
Is 16457056 a multiple of 1232?
True
Is 138048148 a multiple of 41?
True
Is 56233937 a multiple of 6?
False
Is 2 a factor of 2031904?
True
Is 56947801 a multiple of 297?
False
Does 2432 divide 76445056?
True
Is 22 a factor of 1477895721?
False
Is 72303104 a multiple of 256?
True
Does 198 divide 520739802?
True
Is 152 a factor of 4251713?
False
Does 183 divide 449038446?
True
Is 277 a factor of 199267687?
False
Is 274 a factor of 1884889815?
False
Does 54 divide 13066866?
True
Is 29 a factor of 1413514897?
True
Is 66 a factor of 446791224?
True
Is 6 a factor of 383404410?
True
Is 51792028 a multiple of 2226?
False
Is 1156620 a multiple of 6?
True
Is 35 a factor of 494619090?
True
Is 302 a factor of 600306601?
False
Is 3526 a factor of 269915300?
True
Is 6276 a factor of 337353085?
False
Does 19 divide 263427419?
True
Is 648 a factor of 13729176?
True
Is 15925104 a multiple of 624?
True
Is 183544180 a multiple of 10?
True
Does 14 divide 84765618?
True
Is 23556564 a multiple of 1197?
False
Does 12 divide 40915595?
False
Is 1341 a factor of 57124431?
False
Is 207002601 a multiple of 3?
True
Does 75 divide 1321843950?
True
Is 784 a factor of 2687943216?
True
Is 556 a factor of 404087162?
False
Does 27 divide 41795271?
True
Is 14316214 a multiple of 2101?
True
Is 10414 a factor of 657612858?
True
Is 8 a factor of 69021753?
False
Is 586 a factor of 128276315?
False
Does 2 divide 277945223?
False
Is 5 a factor of 64376120?
True
Is 72 a factor of 397431191?
False
Is 60224672 a multiple of 47?
True
Is 472603833 a multiple of 1161?
False
Is 3743 a factor of 771896432?
True
Is 2949 a factor of 393676755?
True
Is 308 a factor of 23409672?
False
Is 125 a factor of 67078812?
False
Is 31 a factor of 59729250?
True
Is 834812714 a multiple of 5200?
False
Is 157243246 a multiple of 50?
False
Does 1016 divide 573176816?
False
Is 1551879515 a multiple of 1303?
True
Does 3954 divide 272746920?
True
Is 118 a factor of 596658622?
True
Is 9 a factor of 39254089?
False
Is 13 a factor of 9447457?
False
Is 656 a factor of 81241008?
True
Is 32544348 a multiple of 436?
True
Is 16 a factor of 47572506?
False
Is 34200719 a multiple of 219?
False
Does 12 divide 4799928?
True
Does 89 divide 177190278?
True
Does 321 divide 160869599?
False
Does 39 divide 75228192?
True
Is 5 a factor of 8436240?
True
Is 131 a factor of 53518312?
False
Is 5196508512 a multiple of 444?
True
Is 1482150280 a multiple of 3764?
True
Is 14242563 a multiple of 9?
True
Is 12382590 a multiple of 55?
True
Is 67789260 a multiple of 5?
True
Is 2566 a factor of 677266054?
False
Is 4 a factor of 4211738?
False
Does 76 divide 751946325?
False
Is 4465637 a multiple of 6?
False
Is 1318 a factor of 30530895?
False
Is 29574732 a multiple of 1996?
True
Does 22 divide 8184?
True
Does 40 divide 3500649775?
False
Is 3957 a factor of 978570057?
True
Is 170452578 a multiple of 3631?
False
Is 181 a factor of 45450548?
True
Is 3762080 a multiple of 1528?
False
Is 987 a factor of 1055229336?
True
Is 32018568 a multiple of 258?
False
Is 85881598 a multiple of 11?
True
Is 1213 a factor of 43405992?
True
Is 240 a factor of 939049672?
False
Does 192 divide 35648064?
True
Is 403 a factor of 397537168?
False
Is 2141513304 a multiple of 56?
True
Does 17 divide 430074681?
False
Is 409 a factor of 27249997?
False
Is 3662805704 a multiple of 1916?
True
Is 8 a factor of 83070574?
False
Is 18757354 a multiple of 19?
False
Is 34644125 a multiple of 156?
False
Does 6845 divide 1149941729?
False
Is 918 a factor of 11357496?
True
Does 393 divide 22603376?
False
Is 24 a factor of 28596898?
False
Is 28 a factor of 133141673?
False
Is 699670962 a multiple of 395?
False
Is 19 a factor of 27003142?
True
Does 164 divide 399184856?
True
Is 184 a factor of 2110055?
False
Does 5 divide 2970979765?
True
Does 2132 divide 174294458?
False
Is 599681680 a multiple of 130?
True
Is 36732901 a multiple of 2824?
False
Does 485 divide 115876323?
False
Does 77 divide 77663555?
False
Does 2156 divide 481411084?
True
Is 3652047821 a multiple of 88?
False
Does 9 divide 17577018?
True
Is 82 a factor of 2474061278?
True
Is 83430986 a multiple of 425?
False
Is 1941 a factor of 117335972?
False
Is 1702199520 a multiple of 224?
True
Does 4033 divide 1316981765?
False
Does 126 divide 23488468?
False
Does 20 divide 299296120?
True
Does 9 divide 22165071?
False
Is 4 a factor of 6973421?
False
Is 877 a factor of 445258162?
True
Does 8 divide 16095992?
True
Does 3773 divide 1135645281?
False
Is 90 a factor of 66732300?
True
Is 178191451 a multiple of 5?
False
Is 66 a factor of 71599865?
False
Is 788 a factor of 109618283?
False
Is 59328830 a multiple of 11?
True
Is 111773928 a multiple of 3701?
False
Is 64061498 a multiple of 3254?
True
Does 818 divide 72698789?
False
Is 373146880 a multiple of 16?
True
Does 269 divide 18731546?
True
Does 3288 divide 135791112?
True
Does 9 divide 177916491?
True
Is 3304050 a multiple of 2000?
False
Is 34440900 a multiple of 130?
True
Is 1484976955 a multiple of 1209?
False
Is 37300913 a multiple of 13?
True
Is 23 a factor of 26510256?
False
Is 2 a factor of 163386947?
False
Is 43 a factor of 124310377?
True
Is 361 a factor of 63239258?
True
Is 561853813 a multiple of 3583?
True
Is 2668094 a multiple of 9?
False
Is 240 a factor of 1041832021?
False
Is 47 a factor of 4301437264?
False
Does 23 divide 442811157?
True
Is 103 a factor of 2083432687?
False
Is 33 a factor of 1443245793?
True
Is 26 a factor of 65517952?
False
Is 296051719 a multiple of 607?
False
Does 23 divide 347189772?
False
Is 51 a factor of 24440832?
True
Is 739 a factor of 5599277?
False
Is 1192 a factor of 75370160?
True
Is 4629125 even?
False
Does 124 divide 5560427?
False
Does 460 divide 15057154?
False
Is 7439256 a multiple of 909?
True
Does 283 divide 3493039898?
False
Is 2811039455 a multiple of 145?
True
Is 366823 a multiple of 187?
False
Is 550 a factor of 33525250?
True
Is 136823433 a multiple of 3429?
False
Does 48 divide 139746729?
False
Does 2 divide 41386224?
True
Does 224 divide 230221240?
False
Is 430 a factor of 371874320?
True
Is 2807 a factor of 18354973?
True
Does 39 divide 61065108?
True
Does 2133 divide 30599380?
False
Does 717 divide 89783452?
False
Does 8 divide 2254385312?
True
Is 47746670 a multiple of 70?
False
Does 743 divide 4429310900?
False
Is 130357551 a multiple of 5?
False
Is 4688 a factor of 884541216?
True
Does 8 divide 62427272?
True
Is 17449005 a multiple of 7?
True
Does 969 divide 3472507930?
False
Is 156 a factor of 289710115?
False
Is 44185306 a multiple of 367?
False
Is 1759209564 a multiple of 294?
True
Is 123591792 a multiple of 645?
False
Is 102796373 a multiple of 1594?
False
Is 725408721 a multiple of 477?
True
Does 5 divide 22817915?
True
Does 553 divide 416748985?
False
Is 23 a factor of 1103619373?
True
Is 8 a factor of 80851660?
False
Does 29 divide 9750907?
False
Is 1351060 a multiple of 387?
False
Is 20417073 a multiple of 14?
False
Does 1441 divide 3835130717?
True
Is 404618160 a multiple of 60?
True
Is 3 a factor of 21313201?
False
Is 45924345 a multiple of 98?
False
Is 79443300 a multiple of 15?
True
Is 990945587 a multiple of 2651?
False
Is 465 a factor of 244830405?
True
Is 535012 a multiple of 19?
False
Does 716 divide 28352884?
True
Is 39912141 a multiple of 969?
True
Is 441265360 a multiple of 40?
True